{"id":71,"date":"2011-05-06T12:40:45","date_gmt":"2011-05-06T12:40:45","guid":{"rendered":"http:\/\/luisteixeira.org\/Myblog\/?page_id=71"},"modified":"2022-04-02T13:28:18","modified_gmt":"2022-04-02T13:28:18","slug":"home-2","status":"publish","type":"page","link":"http:\/\/luisteixeira.org\/Myblog\/","title":{"rendered":"\u00cdnicio"},"content":{"rendered":"<!-- Chitika - WordPress Plugin 2.2--><div class='chitika-adspace above'>\n<script type='text\/javascript'>\n  ( function() {\n    if (window.CHITIKA === undefined) {\n      window.CHITIKA = { 'units' : [] };\n    };\n    var unit = {\n      'publisher'       : 'themaskedwolf',\n      'width'           : 550,\n      'height'          : 250,\n      'sid'             : \"wordpress-plugin above\",\n      'color_site_link' : '0000CC',\n      'color_title'     : '0000CC',\n      'color_text'      : '000000',\n      'color_bg'        : 'ffffff',\n      'font_title'      : 'Arial',\n      'font_text'       : 'Arial',\n      'impsrc'          : 'wordpress',\n      'calltype'        : 'async[2]'\n    };\n    var placement_id = window.CHITIKA.units.length;\n    window.CHITIKA.units.push(unit);\n    var x = \"<di\" + \"v id='chitikaAdBlock-\"+placement_id+\"'><\/di\"+\"v>\";\n    document.write(x);\n}());\n<\/script>\n<script type=\"text\/javascript\" src=\"\/\/cdn.chitika.net\/getads.js\" async><\/script>\n<\/div>\n<p><\/p>\n<h1>Bem-Vindos<\/h1>\n<p>Bem-Vindos \u00e0 minha p\u00e1gina pessoal.<\/p>\n<p>Tenho 36 anos e nasci no Barreiro!  Vivo na Baixa da Banheira desde sempre. Sou Licenciado e Mestrado em Engenharia Inform\u00e1tica na FCT &#8211; UNL, actualmente tenho como profiss\u00e3o o exercicio de fun\u00e7\u00f5es inerentes \u00e0s habilita\u00e7\u00f5es  adquirirdas, como se pode comprovar no meu <a href=\"http:\/\/luisteixeira.org\/Myblog\/mycv\/\" title=\"Curriculum Vitae\">Curriculum<\/a>. Tenho um sentido  empreendedor, de pensar e criar solu\u00e7\u00f5es com paradigmas novos, apesar de  por vezes n\u00e3o ser o caminho mais f\u00e1cil ( mas por vezes o mais aliciante e realizador).<\/p>\n<p>Sou portator de CAP, e estou disponivel para colaborar na elabora\u00e7\u00e3o de PIP&#8217;s nas \u00e1reas de TI&#8217;s bem como em dar forma\u00e7\u00f5es nas mesmas \u00e1reas. Estou tamb\u00e9m dispon\u00edvel para  dar explica\u00e7\u00f5es em v\u00e1rias \u00e1reas, sobretudo nas vertentes tamb\u00e9m das tecnologias de informa\u00e7\u00e3o (em particular, Programa\u00e7\u00e3o e Introdu\u00e7\u00e3o \u00e0 Programa\u00e7\u00e3o (n\u00edvel secund\u00e1rio e universit\u00e1rio)).<\/p>\n<p>Apesar de ser Barreirense, tenho por Mur\u00e7a ( Tr\u00e1s dos Montes ) uma  perdilec\u00e7\u00e3o extrema, &#8220;fugindo&#8221; do stress para l\u00e1 sempre que posso.<\/p>\n<p>Dedico-me  \u00e0 fotografia e \u00e0 escrita na  quase totalidade dos meus tempos livres, como se pode comprovar na p\u00e1gina de <a href=\"http:\/\/luisteixeira.org\/Myblog\/my-interests\/\" title=\"Interesses\">Interesses<\/a>, conseguindo ainda fazer algum tipo de investiga\u00e7\u00e3o de tecnologias mais  recentes por iniciativa pr\u00f3pria.<\/p>\n<p><em>&#8220;Quando a Inova\u00e7\u00e3o tecnol\u00f3gica n\u00e3o se difunde na sociedade devido a obst\u00e1culos institucionais, ocorre um atraso tenocl\u00f3gico pela falta do necess\u00e1rio feedback social\/cultural \u00e0s institui\u00e7\u00f5es de inova\u00e7\u00e3o e aos pr\u00f3prios inovadores&#8221;<\/em><\/p>\n<p style=\"text-align: right;\"><em>Castells, A Era da Informa\u00e7\u00e3o: Economia, Sociedade e Cultura<\/em><br \/>\n<em> Vol. I A Sociedade em rede<\/em><\/p>\n<hr align=\"center\" width=\"50%\" \/>\n<p>&nbsp;<\/p>\n<p style=\"text-align: center;\"><strong>Qualquer informa\u00e7\u00e3o adicional, n\u00e3o hesite em contactar-me.<\/strong><\/p>\n<p style=\"text-align: center;\">lst<a href=\"http:\/\/www.google.com\/recaptcha\/mailhide\/d?k=019E04HH5yGpgFS8ByKX0WFA==&amp;c=-b_7XlVHfRUKwN8l_JOrMXuHDI-oiT_w8MUgSm4qe2g=\" onclick=\"window.open('http:\/\/www.google.com\/recaptcha\/mailhide\/d?k\\075019E04HH5yGpgFS8ByKX0WFA\\75\\75\\46c\\75-b_7XlVHfRUKwN8l_JOrMXuHDI-oiT_w8MUgSm4qe2g\\075', '', 'toolbar=0,scrollbars=0,location=0,statusbar=0,menubar=0,resizable=0,width=500,height=300'); return false;\" title=\"Reveal this e-mail address\">&#8230;<\/a>teixeira.org<\/p>\n<p><\/p>\n\n<!-- Facebook Like Button v1.9.6 BEGIN [http:\/\/blog.bottomlessinc.com] -->\n<iframe src=\"http:\/\/www.facebook.com\/plugins\/like.php?href=http%3A%2F%2Fluisteixeira.org%2FMyblog%2F&amp;layout=button_count&amp;show_faces=true&amp;width=450&amp;action=like&amp;colorscheme=light\" scrolling=\"no\" frameborder=\"0\" allowTransparency=\"true\" style=\"border:none; overflow:hidden; width:450px; height: 60px; align: left; margin: 2px 0px 2px 0px\"><\/iframe>\n<!-- Facebook Like Button END -->","protected":false},"excerpt":{"rendered":"<p>Bem-Vindos Bem-Vindos \u00e0 minha p\u00e1gina pessoal. Tenho 36 anos e nasci no Barreiro! Vivo na Baixa da Banheira desde sempre. Sou Licenciado e Mestrado em Engenharia Inform\u00e1tica na FCT &#8211; UNL, actualmente tenho como profiss\u00e3o o exercicio de fun\u00e7\u00f5es inerentes <a class=\"more-link\" href=\"http:\/\/luisteixeira.org\/Myblog\/\">Continue reading <span class=\"screen-reader-text\">  \u00cdnicio<\/span><span class=\"meta-nav\">&rarr;<\/span><\/a><\/p>\n","protected":false},"author":1,"featured_media":0,"parent":0,"menu_order":0,"comment_status":"closed","ping_status":"open","template":"","meta":{"footnotes":""},"class_list":["post-71","page","type-page","status-publish","hentry"],"_links":{"self":[{"href":"http:\/\/luisteixeira.org\/Myblog\/wp-json\/wp\/v2\/pages\/71","targetHints":{"allow":["GET"]}}],"collection":[{"href":"http:\/\/luisteixeira.org\/Myblog\/wp-json\/wp\/v2\/pages"}],"about":[{"href":"http:\/\/luisteixeira.org\/Myblog\/wp-json\/wp\/v2\/types\/page"}],"author":[{"embeddable":true,"href":"http:\/\/luisteixeira.org\/Myblog\/wp-json\/wp\/v2\/users\/1"}],"replies":[{"embeddable":true,"href":"http:\/\/luisteixeira.org\/Myblog\/wp-json\/wp\/v2\/comments?post=71"}],"version-history":[{"count":59,"href":"http:\/\/luisteixeira.org\/Myblog\/wp-json\/wp\/v2\/pages\/71\/revisions"}],"predecessor-version":[{"id":1183,"href":"http:\/\/luisteixeira.org\/Myblog\/wp-json\/wp\/v2\/pages\/71\/revisions\/1183"}],"wp:attachment":[{"href":"http:\/\/luisteixeira.org\/Myblog\/wp-json\/wp\/v2\/media?parent=71"}],"curies":[{"name":"wp","href":"https:\/\/api.w.org\/{rel}","templated":true}]}}